{"id":74,"date":"2025-02-07T13:52:34","date_gmt":"2025-02-07T12:52:34","guid":{"rendered":"https:\/\/hit-vb.kg.ac.rs\/eoitn\/?page_id=74"},"modified":"2025-06-03T08:33:05","modified_gmt":"2025-06-03T07:33:05","slug":"contact","status":"publish","type":"page","link":"https:\/\/hit-vb.kg.ac.rs\/eoitn\/contact\/","title":{"rendered":"Contact"},"content":{"rendered":"\t\t<div data-elementor-type=\"wp-page\" data-elementor-id=\"74\" class=\"elementor elementor-74\">\n\t\t\t\t<div class=\"elementor-element elementor-element-503889a e-flex e-con-boxed e-con e-parent\" data-id=\"503889a\" data-element_type=\"container\" data-e-type=\"container\">\n\t\t\t\t\t<div class=\"e-con-inner\">\n\t\t\t\t<div class=\"elementor-element elementor-element-8b7c6fc elementor-widget elementor-widget-heading\" data-id=\"8b7c6fc\" data-element_type=\"widget\" data-e-type=\"widget\" data-widget_type=\"heading.default\">\n\t\t\t\t<div class=\"elementor-widget-container\">\n\t\t\t\t\t<h1 class=\"elementor-heading-title elementor-size-default\">Contact<\/h1>\t\t\t\t<\/div>\n\t\t\t\t<\/div>\n\t\t\t\t\t<\/div>\n\t\t\t\t<\/div>\n\t\t<div class=\"elementor-element elementor-element-cdb27c3 e-flex e-con-boxed e-con e-parent\" data-id=\"cdb27c3\" data-element_type=\"container\" data-e-type=\"container\">\n\t\t\t\t\t<div class=\"e-con-inner\">\n\t\t\t\t<div class=\"elementor-element elementor-element-acc5307 elementor-widget elementor-widget-heading\" data-id=\"acc5307\" data-element_type=\"widget\" data-e-type=\"widget\" data-widget_type=\"heading.default\">\n\t\t\t\t<div class=\"elementor-widget-container\">\n\t\t\t\t\t<h4 class=\"elementor-heading-title elementor-size-default\">Faculty of Hotel Management and Tourism in\nVrnja\u010dka Banja<\/h4>\t\t\t\t<\/div>\n\t\t\t\t<\/div>\n\t\t\t\t\t<\/div>\n\t\t\t\t<\/div>\n\t\t<div class=\"elementor-element elementor-element-d99e4e3 e-flex e-con-boxed e-con e-parent\" data-id=\"d99e4e3\" data-element_type=\"container\" data-e-type=\"container\">\n\t\t\t\t\t<div class=\"e-con-inner\">\n\t\t\t\t<div class=\"elementor-element elementor-element-90f6860 elementor-widget elementor-widget-text-editor\" data-id=\"90f6860\" data-element_type=\"widget\" data-e-type=\"widget\" data-widget_type=\"text-editor.default\">\n\t\t\t\t<div class=\"elementor-widget-container\">\n\t\t\t\t\t\t\t\t\t<p>Address: <strong>Vojvo\u0111anska bb, Vrnja\u010dka Banja, 36210, Serbia<\/strong><\/p><p>Phone: <strong>+381 36 515.00.24<\/strong><\/p><p>Website: <strong>https:\/\/www.hit-vb.kg.ac.rs\/en\/<\/strong><\/p>\t\t\t\t\t\t\t\t<\/div>\n\t\t\t\t<\/div>\n\t\t\t\t\t<\/div>\n\t\t\t\t<\/div>\n\t\t<div class=\"elementor-element elementor-element-c222fdf e-flex e-con-boxed e-con e-parent\" data-id=\"c222fdf\" data-element_type=\"container\" data-e-type=\"container\">\n\t\t\t\t\t<div class=\"e-con-inner\">\n\t\t\t\t<div class=\"elementor-element elementor-element-63f2d71 elementor-widget elementor-widget-heading\" data-id=\"63f2d71\" data-element_type=\"widget\" data-e-type=\"widget\" data-widget_type=\"heading.default\">\n\t\t\t\t<div class=\"elementor-widget-container\">\n\t\t\t\t\t<h4 class=\"elementor-heading-title elementor-size-default\">Project Coordinator<\/h4>\t\t\t\t<\/div>\n\t\t\t\t<\/div>\n\t\t\t\t\t<\/div>\n\t\t\t\t<\/div>\n\t\t<div class=\"elementor-element elementor-element-56e7b955 e-flex e-con-boxed e-con e-parent\" data-id=\"56e7b955\" data-element_type=\"container\" data-e-type=\"container\">\n\t\t\t\t\t<div class=\"e-con-inner\">\n\t\t\t\t<div class=\"elementor-element elementor-element-5a0db58c elementor-widget elementor-widget-text-editor\" data-id=\"5a0db58c\" data-element_type=\"widget\" data-e-type=\"widget\" data-widget_type=\"text-editor.default\">\n\t\t\t\t<div class=\"elementor-widget-container\">\n\t\t\t\t\t\t\t\t\t<p><b>Vesna Milovanovi\u0107<\/b><br \/>vesna.milovanovic@kg.ac.rs<\/p>\t\t\t\t\t\t\t\t<\/div>\n\t\t\t\t<\/div>\n\t\t\t\t\t<\/div>\n\t\t\t\t<\/div>\n\t\t\t\t<\/div>\n\t\t","protected":false},"excerpt":{"rendered":"<p>Contact Faculty of Hotel Management and Tourism in Vrnja\u010dka Banja Address: Vojvo\u0111anska bb, Vrnja\u010dka Banja, 36210, Serbia Phone: +381 36 515.00.24 Website: https:\/\/www.hit-vb.kg.ac.rs\/en\/ Project Coordinator Vesna Milovanovi\u0107vesna.milovanovic@kg.ac.rs<\/p>\n","protected":false},"author":1,"featured_media":0,"parent":0,"menu_order":0,"comment_status":"closed","ping_status":"closed","template":"elementor_header_footer","meta":{"_eb_attr":"","footnotes":""},"class_list":["post-74","page","type-page","status-publish","hentry"],"blocksy_meta":[],"_links":{"self":[{"href":"https:\/\/hit-vb.kg.ac.rs\/eoitn\/wp-json\/wp\/v2\/pages\/74","targetHints":{"allow":["GET"]}}],"collection":[{"href":"https:\/\/hit-vb.kg.ac.rs\/eoitn\/wp-json\/wp\/v2\/pages"}],"about":[{"href":"https:\/\/hit-vb.kg.ac.rs\/eoitn\/wp-json\/wp\/v2\/types\/page"}],"author":[{"embeddable":true,"href":"https:\/\/hit-vb.kg.ac.rs\/eoitn\/wp-json\/wp\/v2\/users\/1"}],"replies":[{"embeddable":true,"href":"https:\/\/hit-vb.kg.ac.rs\/eoitn\/wp-json\/wp\/v2\/comments?post=74"}],"version-history":[{"count":13,"href":"https:\/\/hit-vb.kg.ac.rs\/eoitn\/wp-json\/wp\/v2\/pages\/74\/revisions"}],"predecessor-version":[{"id":404,"href":"https:\/\/hit-vb.kg.ac.rs\/eoitn\/wp-json\/wp\/v2\/pages\/74\/revisions\/404"}],"wp:attachment":[{"href":"https:\/\/hit-vb.kg.ac.rs\/eoitn\/wp-json\/wp\/v2\/media?parent=74"}],"curies":[{"name":"wp","href":"https:\/\/api.w.org\/{rel}","templated":true}]}}